{"id":217,"date":"2017-02-09T09:27:59","date_gmt":"2017-02-09T09:27:59","guid":{"rendered":"https:\/\/stg4993.addvera.eu\/?page_id=217\/"},"modified":"2023-10-04T09:49:52","modified_gmt":"2023-10-04T09:49:52","slug":"home","status":"publish","type":"page","link":"https:\/\/stg4993.addvera.eu\/","title":{"rendered":"Home"},"content":{"rendered":"[vc_row][vc_column][rev_slider_vc alias=\u00bbhome\u00bb][vc_row_inner el_class=\u00bbhome_box_wrap\u00bb][vc_column_inner el_class=\u00bbhome_box\u00bb width=\u00bb1\/6&#8243;][mk_icon_box icon=\u00bbmk-li-file\u00bb title=\u00bbImpuestos\u00bb font_weight=\u00bb300&#8243; read_more_txt=\u00bbLeer M\u00e1s\u00bb read_more_url=\u00bbareas\/impuestos\/\u00bb style=\u00bbsimple_ultimate\u00bb icon_size=\u00bbmedium\u00bb rounded_circle=\u00bbtrue\u00bb icon_location=\u00bbtop\u00bb icon_color=\u00bb#993121&#8243; title_color=\u00bb#020202&#8243;]\n<p style=\"text-align: center;\">Una fiscalidad justa es uno de los fundamentos de las sociedades modernas y democr\u00e1ticas de nuestro entorno.<\/p>\n<p style=\"text-align: center;\">Ayudamos en el puntual y correcto cumplimiento de las numerosas obligaciones formales que afectan\u00a0al cliente,\u00a0en la optimizaci\u00f3n, dentro de la ley, de sus cargas tributarias, as\u00ed como en el disfrute de\u00a0ventajas e incentivos fiscales.<\/p>\n[\/mk_icon_box][\/vc_column_inner][vc_column_inner el_class=\u00bbhome_box\u00bb width=\u00bb1\/6&#8243;][mk_icon_box icon=\u00bbmk-moon-calculate-2&#8243; title=\u00bbControl de Gesti\u00f3n\u00bb font_weight=\u00bb300&#8243; read_more_txt=\u00bbLeer M\u00e1s\u00bb read_more_url=\u00bbareas\/control-gestion\/\u00bb style=\u00bbsimple_ultimate\u00bb icon_size=\u00bbmedium\u00bb rounded_circle=\u00bbtrue\u00bb icon_location=\u00bbtop\u00bb icon_color=\u00bb#993121&#8243; title_color=\u00bb#000000&#8243;]\n<p style=\"text-align: center;\"><span style=\"color: #333333;\">La contabilidad y el control interno y presupuestario son garant\u00eda de eficacia y rentabilidad y herramientas b\u00e1sicas para adoptar decisiones correctas.<\/span><\/p>\n<p style=\"text-align: center;\"><span style=\"color: #333333;\">Prestamos servicios de asesor\u00eda en los campos indicados y asumimos, cuando el cliente lo precisa, la ejecuci\u00f3n de dichas tareas, ofreciendo herramientas t\u00e9cnicas colaborativas y aportando v<\/span>alor a\u00f1adido a la gesti\u00f3n.<\/p>\n[\/mk_icon_box][\/vc_column_inner][vc_column_inner el_class=\u00bbhome_box\u00bb width=\u00bb1\/6&#8243;][mk_icon_box icon=\u00bbmk-moon-balance\u00bb title=\u00bbJur\u00eddico\u00bb font_weight=\u00bb300&#8243; read_more_txt=\u00bbLeer M\u00e1s\u00bb read_more_url=\u00bbareas\/juridico\/\u00bb style=\u00bbsimple_ultimate\u00bb icon_size=\u00bbmedium\u00bb rounded_circle=\u00bbtrue\u00bb icon_location=\u00bbtop\u00bb icon_color=\u00bb#993121&#8243; title_color=\u00bb#000000&#8243;]\n<p style=\"text-align: center;\">Defendemos los intereses de los clientes desde la estricta aplicaci\u00f3n de\u00a0las normas de \u00e9tica e independencia de la profesi\u00f3n jur\u00eddica.<\/p>\n<p style=\"text-align: center;\">Nuestro equipo de abogadas\/os aplican siempre un\u00a0enfoque multidisciplinario, para ello, si es preciso, colaboran con nuestros\u00a0economistas, fiscalistas y dem\u00e1s expertas\/os, procurando siempre soluciones jur\u00eddicas equilibradas y razonables.<\/p>\n[\/mk_icon_box][\/vc_column_inner][vc_column_inner el_class=\u00bbhome_box\u00bb width=\u00bb1\/6&#8243;][mk_icon_box icon=\u00bbmk-moon-stats-up\u00bb title=\u00bbCorporate\u00bb font_weight=\u00bb300&#8243; read_more_txt=\u00bbLeer M\u00e1s\u00bb read_more_url=\u00bb\/areas\/corporate\/\u00bb style=\u00bbsimple_ultimate\u00bb icon_size=\u00bbmedium\u00bb rounded_circle=\u00bbtrue\u00bb icon_location=\u00bbtop\u00bb icon_color=\u00bb#993121&#8243; title_color=\u00bb#000000&#8243;]\n<p style=\"text-align: center;\">Adaptarse al entorno, cooperar, internacionalizar, tener una dimensi\u00f3n\u00a0adecuada, fijar protocolos de sucesi\u00f3n y familiares.<\/p>\n<p style=\"text-align: center;\">Son necesidades de toda empresa y fam\u00edlia. Sugerimos estrategias y aportamos estructuras y soluciones, ayudamos\u00a0a negociarlas y a formalizarlas y, despu\u00e9s, velamos por\u00a0su seguimiento y adaptaci\u00f3n a futuros cambios.<\/p>\n[\/mk_icon_box][\/vc_column_inner][vc_column_inner el_class=\u00bbhome_box\u00bb width=\u00bb1\/6&#8243;][mk_icon_box icon=\u00bbmk-moon-users-4&#8243; title=\u00bbLaboral\u00bb font_weight=\u00bb300&#8243; read_more_txt=\u00bbLeer M\u00e1s\u00bb read_more_url=\u00bb\/areas\/laboral\/\u00bb style=\u00bbsimple_ultimate\u00bb icon_size=\u00bbmedium\u00bb rounded_circle=\u00bbtrue\u00bb icon_location=\u00bbtop\u00bb icon_color=\u00bb#993121&#8243; title_color=\u00bb#000000&#8243;]\n<p style=\"text-align: center;\">Siendo las personas el mayor activo de las organizaciones, sus pol\u00edticas laborales y de RRHH son claves para su correcta gesti\u00f3n.<\/p>\n<p style=\"text-align: center;\">Cuidamos el\u00a0detalle desde un enfoque global: cotizaciones y n\u00f3minas, contrataci\u00f3n, planes de acogida y carrera, formaci\u00f3n y prevenci\u00f3n de riesgos, valoraci\u00f3n de puestos y conciliaci\u00f3n de la vida laboral y familiar.<\/p>\n[\/mk_icon_box][\/vc_column_inner][\/vc_row_inner][\/vc_column][\/vc_row][vc_row el_class=\u00bbdesign-blog-home\u00bb][vc_column][mk_blog image_size=\u00bbfull\u00bb post_count=\u00bb3&#8243; pagination=\u00bbfalse\u00bb cat=\u00bb5, 11, 6&#8243;][\/vc_column][\/vc_row][vc_row disable_element=\u00bbyes\u00bb css=\u00bb.vc_custom_1696412981021{background-color: #2d2d2d !important;}\u00bb][vc_column][mk_padding_divider size=\u00bb5&#8243;][vc_single_image image=\u00bb268&#8243; img_size=\u00bb600&#215;300&#8243; add_caption=\u00bbyes\u00bb alignment=\u00bbcenter\u00bb][mk_padding_divider size=\u00bb5&#8243;][\/vc_column][\/vc_row][vc_row disable_element=\u00bbyes\u00bb][vc_column][vc_column_text align=\u00bbcenter\u00bb el_class=\u00bbventajas-premium-img\u00bb]<a href=\"https:\/\/stg4993.addvera.eu\/premium\/\"><img loading=\"lazy\" decoding=\"async\" class=\"alignnone size-full wp-image-2309\" src=\"https:\/\/stg4993.addvera.eu\/wp-content\/uploads\/2017\/03\/addveracloud.png\" alt=\"\" width=\"849\" height=\"588\" srcset=\"https:\/\/stg4993.addvera.eu\/wp-content\/uploads\/2017\/03\/addveracloud.png 849w, https:\/\/stg4993.addvera.eu\/wp-content\/uploads\/2017\/03\/addveracloud-300x208.png 300w, https:\/\/stg4993.addvera.eu\/wp-content\/uploads\/2017\/03\/addveracloud-768x532.png 768w, https:\/\/stg4993.addvera.eu\/wp-content\/uploads\/2017\/03\/addveracloud-330x229.png 330w, https:\/\/stg4993.addvera.eu\/wp-content\/uploads\/2017\/03\/addveracloud-260x180.png 260w, https:\/\/stg4993.addvera.eu\/wp-content\/uploads\/2017\/03\/addveracloud-520x360.png 520w, https:\/\/stg4993.addvera.eu\/wp-content\/uploads\/2017\/03\/addveracloud-598x414.png 598w, https:\/\/stg4993.addvera.eu\/wp-content\/uploads\/2017\/03\/addveracloud-414x287.png 414w\" sizes=\"(max-width: 849px) 100vw, 849px\" \/><\/a>[\/vc_column_text][\/vc_column][\/vc_row][vc_row disable_element=\u00bbyes\u00bb][vc_column width=\u00bb2\/3&#8243;][vc_column_text el_class=\u00bbventajas-premium-img\u00bb]<img loading=\"lazy\" decoding=\"async\" class=\"alignnone size-full wp-image-2309\" src=\"https:\/\/stg4993.addvera.eu\/wp-content\/uploads\/2017\/03\/addveracloud.png\" alt=\"\" width=\"849\" height=\"588\" srcset=\"https:\/\/stg4993.addvera.eu\/wp-content\/uploads\/2017\/03\/addveracloud.png 849w, https:\/\/stg4993.addvera.eu\/wp-content\/uploads\/2017\/03\/addveracloud-300x208.png 300w, https:\/\/stg4993.addvera.eu\/wp-content\/uploads\/2017\/03\/addveracloud-768x532.png 768w, https:\/\/stg4993.addvera.eu\/wp-content\/uploads\/2017\/03\/addveracloud-330x229.png 330w, https:\/\/stg4993.addvera.eu\/wp-content\/uploads\/2017\/03\/addveracloud-260x180.png 260w, https:\/\/stg4993.addvera.eu\/wp-content\/uploads\/2017\/03\/addveracloud-520x360.png 520w, https:\/\/stg4993.addvera.eu\/wp-content\/uploads\/2017\/03\/addveracloud-598x414.png 598w, https:\/\/stg4993.addvera.eu\/wp-content\/uploads\/2017\/03\/addveracloud-414x287.png 414w\" sizes=\"(max-width: 849px) 100vw, 849px\" \/>[\/vc_column_text][\/vc_column][vc_column width=\u00bb1\/3&#8243;][mk_padding_divider size=\u00bb60&#8243;][vc_raw_html]JTNDZGl2JTIwY2xhc3MlM0QlMjJmb3JtLXRpdGxlJTIyJTIwc3R5bGUlM0QlMjJiYWNrZ3JvdW5kLWNvbG9yJTNBYmxhY2slM0IlMjB3aWR0aCUzQTk0JTI1JTNCJTIwbWFyZ2luLWxlZnQlM0EyMnB4JTIyJTNFJTNDYSUyMGhyZWYlM0QlMjJqYXZhc2NyaXB0JTNBbW9zdHJhciUyOCUyN21vc3RyYXItb2N1bHRhcl9sb2dpbiUyNyUyOSUzQiUyMiUyMHN0eWxlJTNEJTIyY29sb3IlM0F3aGl0ZSUzQiUyMiUzRUFjY2VzbyUyMHVzdWFyaW9zJTIwcmVnaXN0cmFkb3MlM0MlMkZhJTNFJTNDJTJGZGl2JTNF[\/vc_raw_html][vc_raw_html]JTNDZm9ybSUyMGNsYXNzJTNEJTIyZm9ybSUyMiUyMG1ldGhvZCUzRCUyMnBvc3QlMjIlMjBhY3Rpb24lM0QlMjJlbnZpYXJfZm9ybS5waHAlMjIlM0UlMEElM0NkaXYlMjBjbGFzcyUzRCUyMmZvcm0tY29udGVudCUyMiUzRSUwQSUzQ2RpdiUyMGNsYXNzJTNEJTIyZm9ybS10aXRsZSUyMiUzRSVDMiVCRk5vJTIwcmVnaXN0cmFkbyUyMHklMjBkZXNlYSUyMGNvbm9jZXIlMjBQcmVtaXVtJTNGJTNDJTJGZGl2JTNFJTBBJTNDaW5wdXQlMjB0eXBlJTNEJTIydGV4dCUyMiUyMGlkJTNEJTIyaG9tZS1mb3JtLWlucHV0LW5vbWJyZSUyMiUyMG5hbWUlM0QlMjJub21icmUlMjIlMjByZXF1aXJlZCUyRiUzRSUwQSUzQ2lucHV0JTIwdHlwZSUzRCUyMnRleHQlMjIlMjBpZCUzRCUyMmhvbWUtZm9ybS1pbnB1dC1hcGVsbGlkbyUyMiUyMG5hbWUlM0QlMjJhcGVsbGlkbyUyMiUyMHJlcXVpcmVkJTJGJTNFJTBBJTNDaW5wdXQlMjB0eXBlJTNEJTIydGV4dCUyMiUyMGlkJTNEJTIyaG9tZS1mb3JtLWlucHV0LWVtYWlsJTIyJTIwbmFtZSUzRCUyMmVtYWlsJTIyJTIwcmVxdWlyZWQlMjBwYXR0ZXJuJTNEJTIyJTJGJTVFJTVCYS16QS1aMC05LiUyMSUyMyUyNCUyNSUyNiUyNyUyQSUyQiUyRiUzRCUzRiU1RV8lNjAlN0IlN0MlN0R+LSU1RCUyQiU0MCU1QmEtekEtWjAtOS0lNUQlMkIlMjglM0YlM0ElNUMuJTVCYS16QS1aMC05LSU1RCUyQiUyOSUyQSUyNCUyRiUyMiUyRiUzRSUwQSUzQ2lucHV0JTIwdHlwZSUzRCUyMnRleHQlMjIlMjBpZCUzRCUyMmhvbWUtZm9ybS1pbnB1dC10ZWxlZm9ubyUyMiUyMG5hbWUlM0QlMjJ0ZWxlZm9ubyUyMiUyMHJlcXVpcmVkJTIwcGF0dGVybiUzRCUyMiU1Q2QlMkElMjIlMkYlM0UlMEElM0NzcGFuJTIwY2xhc3MlM0QlMjJ0ZXh0LWNvbmRpY2lvbmVzJTIyJTNFSGUlMjBsZSVDMyVBRGRvJTIweSUyMGFjZXB0byUyMGNvbmRpY2lvbmVzJTIwcHJpdmFjaWRhZCUzQyUyRnNwYW4lM0UlMEElM0NpbnB1dCUyMHR5cGUlM0QlMjJjaGVja2JveCUyMiUyMG5hbWUlM0QlMjJjb25kaWNpb25lcyUyMiUyMHZhbHVlJTNEJTIyMSUyMiUyMGNsYXNzJTNEJTIyc3F1YXJlLWNvbmRpY2lvbmVzJTIyJTIwcmVxdWlyZWQlMkYlM0UlMDklMDklMDklMDklMEElM0NpbnB1dCUyMHR5cGUlM0QlMjJzdWJtaXQlMjIlMjBuYW1lJTNEJTIyZW52aWFyJTIyJTIwdmFsdWUlM0QlMjJFbnZpYXIlMjIlMjBzdHlsZSUzRCUyMiUyMHBhZGRpbmclM0ElMjAxMHB4JTIwMHB4JTNCJTIwd2lkdGglM0ElMjAxMDBweCUzQiUyMG1hcmdpbi10b3AlM0ElMjA1cHglM0IlMjBmbG9hdCUzQSUyMHJpZ2h0JTNCJTIwbWFyZ2luLXJpZ2h0JTNBJTIwMjVweCUzQiUyMiUyMHJlcXVpcmVkJTJGJTNFJTBBJTNDJTJGZGl2JTNFJTBBJTNDJTJGZm9ybSUzRSUwQSUwQSUzQ3N0eWxlJTIwdHlwZSUzRCUyMnRleHQlMkZjc3MlMjIlM0UlMEEuZm9ybSU3QiUwQSUwOWJhY2tncm91bmQtY29sb3IlM0ElMjAlMjNlY2VjZWMlM0IlMEElMjAlMjAlMjAlMjAlMjAlMjAlMjAlMjB3aWR0aCUzQSUyMDMwMHB4JTNCJTBBJTIwJTIwJTIwJTIwJTIwJTIwJTIwJTIwaGVpZ2h0JTNBJTIwMzY1cHglM0IlMEElMjAlMjAlMjAlMjAlMjAlMjAlMjAlMjBtYXJnaW4tbGVmdCUzQSUyMDM0cHglM0IlMEElN0QlMEEuZm9ybS10aXRsZSU3QiUwQSUwOXdpZHRoJTNBJTIwMTEwJTI1JTNCJTBBJTA5bWFyZ2luLWxlZnQlM0ElMjAtNSUyNSUzQiUwQSUwOWJhY2tncm91bmQtY29sb3IlM0ElMjAlMjNiMDBmMzUlM0IlMEElMDljb2xvciUzQSUyMCUyM0ZGRiUzQiUwQSUwOWZvbnQtc2l6ZSUzQSUyMDEuNWVtJTNCJTBBJTA5dGV4dC1hbGlnbiUzQSUyMGNlbnRlciUzQiUwQSUyMCUyMCUyMCUyMCUyMCUyMCUyMCUyMHBhZGRpbmclM0ElMjAxMHB4JTIwMHB4JTNCJTBBJTdEJTBBLmZvcm0tY29udGVudCUyMGlucHV0JTdCJTBBJTA5Ym9yZGVyJTNBJTIwbm9uZSUzQiUwQSUwOXBhZGRpbmclM0ElMjAxNHB4JTIwMTBweCUzQiUwQSUwOXdpZHRoJTNBJTIwMjQ1cHglM0IlMEElMDltYXJnaW4lM0ElMjAyMHB4JTIwMHB4JTIwLTEwcHglMjAzMHB4JTNCJTBBJTA5Zm9udC13ZWlnaHQlM0ElMjBib2xkJTNCJTBBJTIwJTIwJTIwJTIwJTIwJTIwJTIwJTIwY29sb3IlM0ElMjAlMjNGRkYlM0IlMEElMjAlMjAlMjAlMjAlMjAlMjAlMjAlMjBiYWNrZ3JvdW5kLWNvbG9yJTNBJTIwJTIzYzBjMGMwJTNCJTBBJTdEJTBBLnRleHQtY29uZGljaW9uZXMlN0IlMEElMDlmb250LWZhbWlseSUzQSUyME9wZW4lMjBTYW5zJTNCJTBBJTA5Zm9udC1zaXplJTNBJTIwMC45ZW0lM0IlMEElMDlkaXNwbGF5JTNBJTIwYmxvY2slM0IlMEElMDlwYWRkaW5nJTNBJTIwMTVweCUyMDBweCUyMDBweCUyMDU1cHglM0IlMEElMjAlMjAlMjAlMjAlMjAlMjAlMjAlMjBjb2xvciUzQSUyMCUyMzU1NSUzQiUwQSU3RCUwQS5zcXVhcmUtY29uZGljaW9uZXMlN0IlMEElMDlib3JkZXIlM0ElMjBub25lJTIwJTIxaW1wb3J0YW50JTNCJTBBJTA5cGFkZGluZyUzQSUyMDAlMjAlMjFpbXBvcnRhbnQlM0IlMEElMDltYXJnaW4tdG9wJTNBJTIwLTU4cHglMjAlMjFpbXBvcnRhbnQlM0IlMEElMjAlMjAlMjAlMjAlMjAlMjAlMjAlMjBtYXJnaW4tbGVmdCUzQSUyMDMwcHglMjAlMjFpbXBvcnRhbnQlM0IlMEElMDl3aWR0aCUzQSUyMDE2cHglMjAlMjFpbXBvcnRhbnQlM0IlMEElMDlkaXNwbGF5JTNBJTIwaW5saW5lLWJsb2NrJTNCJTBBJTA5aGVpZ2h0JTNBJTIwMThweCUzQiUwQSU3RCUwQSUzQyUyRnN0eWxlJTNF[\/vc_raw_html][vc_raw_js]JTNDc2NyaXB0JTIwdHlwZSUzRCUyN3RleHQlMkZqYXZhc2NyaXB0JTI3JTNFJTBBdmFyJTIwc3RyJTIwJTNEJTIwZG9jdW1lbnQuVVJMJTNCJTBBdmFyJTIwcmVzJTIwJTNEJTIwc3RyLnNsaWNlJTI4MTglMkMlMjAyMCUyOSUzQiUwQSUwQWlmJTI4cmVzJTIwJTNEJTNEJTIwJTI3Y2ElMjclMjklMjAlN0IlMEElMDlkb2N1bWVudC5nZXRFbGVtZW50QnlJZCUyOCUyN2hvbWUtZm9ybS1pbnB1dC1ub21icmUlMjclMjkuc2V0QXR0cmlidXRlJTI4JTI3cGxhY2Vob2xkZXIlMjclMkMlMjdOb20lMjclMjklM0IlMEElMDlkb2N1bWVudC5nZXRFbGVtZW50QnlJZCUyOCUyN2hvbWUtZm9ybS1pbnB1dC1hcGVsbGlkbyUyNyUyOS5zZXRBdHRyaWJ1dGUlMjglMjdwbGFjZWhvbGRlciUyNyUyQyUyN0NvZ25vbSUyNyUyOSUzQiUwQSUwOWRvY3VtZW50LmdldEVsZW1lbnRCeUlkJTI4JTI3aG9tZS1mb3JtLWlucHV0LWVtYWlsJTI3JTI5LnNldEF0dHJpYnV0ZSUyOCUyN3BsYWNlaG9sZGVyJTI3JTJDJTI3RS1tYWlsJTI3JTI5JTNCJTBBJTA5ZG9jdW1lbnQuZ2V0RWxlbWVudEJ5SWQlMjglMjdob21lLWZvcm0taW5wdXQtdGVsZWZvbm8lMjclMjkuc2V0QXR0cmlidXRlJTI4JTI3cGxhY2Vob2xkZXIlMjclMkMlMjdUZWwlQzMlQThmb24lMjclMjklM0IlMEElN0QlMEFlbHNlJTIwJTdCJTBBJTA5ZG9jdW1lbnQuZ2V0RWxlbWVudEJ5SWQlMjglMjdob21lLWZvcm0taW5wdXQtbm9tYnJlJTI3JTI5LnNldEF0dHJpYnV0ZSUyOCUyN3BsYWNlaG9sZGVyJTI3JTJDJTI3Tm9tYnJlJTI3JTI5JTNCJTBBJTA5ZG9jdW1lbnQuZ2V0RWxlbWVudEJ5SWQlMjglMjdob21lLWZvcm0taW5wdXQtYXBlbGxpZG8lMjclMjkuc2V0QXR0cmlidXRlJTI4JTI3cGxhY2Vob2xkZXIlMjclMkMlMjdBcGVsbGlkbyUyNyUyOSUzQiUwQSUwOWRvY3VtZW50LmdldEVsZW1lbnRCeUlkJTI4JTI3aG9tZS1mb3JtLWlucHV0LWVtYWlsJTI3JTI5LnNldEF0dHJpYnV0ZSUyOCUyN3BsYWNlaG9sZGVyJTI3JTJDJTI3RS1tYWlsJTI3JTI5JTNCJTBBJTA5ZG9jdW1lbnQuZ2V0RWxlbWVudEJ5SWQlMjglMjdob21lLWZvcm0taW5wdXQtdGVsZWZvbm8lMjclMjkuc2V0QXR0cmlidXRlJTI4JTI3cGxhY2Vob2xkZXIlMjclMkMlMjdUZWwlQzMlQTlmb25vJTI3JTI5JTNCJTBBJTdEJTBBJTNDJTJGc2NyaXB0JTNF[\/vc_raw_js][\/vc_column][\/vc_row][vc_row][vc_column css=\u00bb.vc_custom_1626247917057{background-color: #2d2d2d !important;}\u00bb][mk_padding_divider][vc_column_text align=\u00bbcenter\u00bb el_class=\u00bbslogan-bottom\u00bb]\n<h2><span style=\"font-family: Open Sans; font-weight: bold; color: #ffffff;\">Addvera Partners, S.L.P.<\/span><\/h2>\n<h3><span style=\"color: #ffffff;\"><span style=\"font-family: Open Sans; font-weight: bold;\">Un s\u00f3lido equipo humano integrado en una Fi<\/span><span style=\"font-family: Open Sans; font-weight: bold;\">rma profesional<\/span><\/span><\/h3>\n[\/vc_column_text][mk_padding_divider][\/vc_column][\/vc_row]\n","protected":false},"excerpt":{"rendered":"<p>[vc_row][vc_column][rev_slider_vc alias=\u00bbhome\u00bb][vc_row_inner el_class=\u00bbhome_box_wrap\u00bb][vc_column_inner el_class=\u00bbhome_box\u00bb width=\u00bb1\/6&#8243;][mk_icon_box icon=\u00bbmk-li-file\u00bb title=\u00bbImpuestos\u00bb font_weight=\u00bb300&#8243; read_more_txt=\u00bbLeer M\u00e1s\u00bb read_more_url=\u00bbareas\/impuestos\/\u00bb style=\u00bbsimple_ultimate\u00bb icon_size=\u00bbmedium\u00bb rounded_circle=\u00bbtrue\u00bb icon_location=\u00bbtop\u00bb icon_color=\u00bb#993121&#8243; title_color=\u00bb#020202&#8243;] Una fiscalidad justa es uno de los fundamentos de las sociedades modernas y democr\u00e1ticas de nuestro entorno. Ayudamos en el puntual y correcto cumplimiento de las numerosas obligaciones formales que afectan\u00a0al cliente,\u00a0en la optimizaci\u00f3n, dentro de la ley, [&hellip;]<\/p>\n","protected":false},"author":1,"featured_media":268,"parent":0,"menu_order":0,"comment_status":"closed","ping_status":"closed","template":"","meta":{"footnotes":""},"class_list":["post-217","page","type-page","status-publish","has-post-thumbnail","hentry"],"_links":{"self":[{"href":"https:\/\/stg4993.addvera.eu\/index.php?rest_route=\/wp\/v2\/pages\/217"}],"collection":[{"href":"https:\/\/stg4993.addvera.eu\/index.php?rest_route=\/wp\/v2\/pages"}],"about":[{"href":"https:\/\/stg4993.addvera.eu\/index.php?rest_route=\/wp\/v2\/types\/page"}],"author":[{"embeddable":true,"href":"https:\/\/stg4993.addvera.eu\/index.php?rest_route=\/wp\/v2\/users\/1"}],"replies":[{"embeddable":true,"href":"https:\/\/stg4993.addvera.eu\/index.php?rest_route=%2Fwp%2Fv2%2Fcomments&post=217"}],"version-history":[{"count":44,"href":"https:\/\/stg4993.addvera.eu\/index.php?rest_route=\/wp\/v2\/pages\/217\/revisions"}],"predecessor-version":[{"id":4711,"href":"https:\/\/stg4993.addvera.eu\/index.php?rest_route=\/wp\/v2\/pages\/217\/revisions\/4711"}],"wp:featuredmedia":[{"embeddable":true,"href":"https:\/\/stg4993.addvera.eu\/index.php?rest_route=\/wp\/v2\/media\/268"}],"wp:attachment":[{"href":"https:\/\/stg4993.addvera.eu\/index.php?rest_route=%2Fwp%2Fv2%2Fmedia&parent=217"}],"curies":[{"name":"wp","href":"https:\/\/api.w.org\/{rel}","templated":true}]}}